{"id":938,"date":"2019-06-07T22:50:37","date_gmt":"2019-06-07T20:50:37","guid":{"rendered":"https:\/\/aargauermuslime.ch\/de\/?page_id=938"},"modified":"2019-06-07T22:52:04","modified_gmt":"2019-06-07T20:52:04","slug":"kantonale-muslimische-verbaende-in-der-schweiz","status":"publish","type":"page","link":"https:\/\/aargauermuslime.ch\/de\/links\/kantonale-muslimische-verbaende-in-der-schweiz\/","title":{"rendered":"Kantonale muslimische Verb\u00e4nde in der Schweiz"},"content":{"rendered":"\n<ul class=\"wp-block-list\"><li> <a rel=\"noreferrer noopener\" href=\"http:\/\/www.vioz.ch\/\" target=\"_blank\">www.vioz.ch<\/a>VIOZ (Z\u00fcrich)<\/li><li> <a rel=\"noreferrer noopener\" href=\"http:\/\/www.bmk-online.ch\/\" target=\"_blank\">www.bmk-online.ch<\/a> Basler Muslim Kommission (Basel)<\/li><li> <a rel=\"noreferrer noopener\" href=\"http:\/\/www.digo.ch\/\" target=\"_blank\">www.digo.ch<\/a> DIGO (Ostschweiz)<\/li><li> <a rel=\"noreferrer noopener\" href=\"http:\/\/www.fids.ch\/\" target=\"_blank\">www.fids.ch<\/a> F\u00f6deration islamischer Dachorganisationen Schweiz<\/li><\/ul>\n","protected":false},"excerpt":{"rendered":"<p>www.vioz.chVIOZ (Z\u00fcrich) www.bmk-online.ch Basler Muslim Kommission (Basel) www.digo.ch DIGO (Ostschweiz) www.fids.ch F\u00f6deration islamischer Dachorganisationen Schweiz<\/p>\n","protected":false},"author":2,"featured_media":0,"parent":933,"menu_order":0,"comment_status":"closed","ping_status":"closed","template":"","meta":{"_et_pb_use_builder":"off","_et_pb_old_content":"","_et_gb_content_width":"","ngg_post_thumbnail":0,"footnotes":""},"class_list":["post-938","page","type-page","status-publish","hentry"],"yoast_head":"<!-- This site is optimized with the Yoast SEO plugin v27.4 - https:\/\/yoast.com\/product\/yoast-seo-wordpress\/ -->\n<title>Kantonale muslimische Verb\u00e4nde in der Schweiz - Verband Aargauer Muslime (VAM)<\/title>\n<meta name=\"robots\" content=\"index, follow, max-snippet:-1, max-image-preview:large, max-video-preview:-1\" \/>\n<link rel=\"canonical\" href=\"https:\/\/aargauermuslime.ch\/de\/links\/kantonale-muslimische-verbaende-in-der-schweiz\/\" \/>\n<meta property=\"og:locale\" content=\"de_DE\" \/>\n<meta property=\"og:type\" content=\"article\" \/>\n<meta property=\"og:title\" content=\"Kantonale muslimische Verb\u00e4nde in der Schweiz - Verband Aargauer Muslime (VAM)\" \/>\n<meta property=\"og:description\" content=\"www.vioz.chVIOZ (Z\u00fcrich) www.bmk-online.ch Basler Muslim Kommission (Basel) www.digo.ch DIGO (Ostschweiz) www.fids.ch F\u00f6deration islamischer Dachorganisationen Schweiz\" \/>\n<meta property=\"og:url\" content=\"https:\/\/aargauermuslime.ch\/de\/links\/kantonale-muslimische-verbaende-in-der-schweiz\/\" \/>\n<meta property=\"og:site_name\" content=\"Verband Aargauer Muslime (VAM)\" \/>\n<meta property=\"article:publisher\" content=\"https:\/\/www.facebook.com\/groups\/aargauermuslime\" \/>\n<meta property=\"article:modified_time\" content=\"2019-06-07T20:52:04+00:00\" \/>\n<meta name=\"twitter:card\" content=\"summary_large_image\" \/>\n<script type=\"application\/ld+json\" class=\"yoast-schema-graph\">{\"@context\":\"https:\\\/\\\/schema.org\",\"@graph\":[{\"@type\":\"WebPage\",\"@id\":\"https:\\\/\\\/aargauermuslime.ch\\\/de\\\/links\\\/kantonale-muslimische-verbaende-in-der-schweiz\\\/\",\"url\":\"https:\\\/\\\/aargauermuslime.ch\\\/de\\\/links\\\/kantonale-muslimische-verbaende-in-der-schweiz\\\/\",\"name\":\"Kantonale muslimische Verb\u00e4nde in der Schweiz - Verband Aargauer Muslime (VAM)\",\"isPartOf\":{\"@id\":\"https:\\\/\\\/aargauermuslime.ch\\\/de\\\/#website\"},\"datePublished\":\"2019-06-07T20:50:37+00:00\",\"dateModified\":\"2019-06-07T20:52:04+00:00\",\"breadcrumb\":{\"@id\":\"https:\\\/\\\/aargauermuslime.ch\\\/de\\\/links\\\/kantonale-muslimische-verbaende-in-der-schweiz\\\/#breadcrumb\"},\"inLanguage\":\"de\",\"potentialAction\":[{\"@type\":\"ReadAction\",\"target\":[\"https:\\\/\\\/aargauermuslime.ch\\\/de\\\/links\\\/kantonale-muslimische-verbaende-in-der-schweiz\\\/\"]}]},{\"@type\":\"BreadcrumbList\",\"@id\":\"https:\\\/\\\/aargauermuslime.ch\\\/de\\\/links\\\/kantonale-muslimische-verbaende-in-der-schweiz\\\/#breadcrumb\",\"itemListElement\":[{\"@type\":\"ListItem\",\"position\":1,\"name\":\"Startseite\",\"item\":\"https:\\\/\\\/aargauermuslime.ch\\\/de\\\/\"},{\"@type\":\"ListItem\",\"position\":2,\"name\":\"Links\",\"item\":\"https:\\\/\\\/aargauermuslime.ch\\\/de\\\/links\\\/\"},{\"@type\":\"ListItem\",\"position\":3,\"name\":\"Kantonale muslimische Verb\u00e4nde in der Schweiz\"}]},{\"@type\":\"WebSite\",\"@id\":\"https:\\\/\\\/aargauermuslime.ch\\\/de\\\/#website\",\"url\":\"https:\\\/\\\/aargauermuslime.ch\\\/de\\\/\",\"name\":\"Verband Aargauer Muslime (VAM)\",\"description\":\"Dachverband der muslimischen Institutionen im Aargau\",\"publisher\":{\"@id\":\"https:\\\/\\\/aargauermuslime.ch\\\/de\\\/#organization\"},\"potentialAction\":[{\"@type\":\"SearchAction\",\"target\":{\"@type\":\"EntryPoint\",\"urlTemplate\":\"https:\\\/\\\/aargauermuslime.ch\\\/de\\\/?s={search_term_string}\"},\"query-input\":{\"@type\":\"PropertyValueSpecification\",\"valueRequired\":true,\"valueName\":\"search_term_string\"}}],\"inLanguage\":\"de\"},{\"@type\":\"Organization\",\"@id\":\"https:\\\/\\\/aargauermuslime.ch\\\/de\\\/#organization\",\"name\":\"Verband Aargauer Muslime\",\"alternateName\":\"VAM\",\"url\":\"https:\\\/\\\/aargauermuslime.ch\\\/de\\\/\",\"logo\":{\"@type\":\"ImageObject\",\"inLanguage\":\"de\",\"@id\":\"https:\\\/\\\/aargauermuslime.ch\\\/de\\\/#\\\/schema\\\/logo\\\/image\\\/\",\"url\":\"https:\\\/\\\/aargauermuslime.ch\\\/de\\\/wp-content\\\/uploads\\\/2019\\\/07\\\/VAM-Logo_web.jpg\",\"contentUrl\":\"https:\\\/\\\/aargauermuslime.ch\\\/de\\\/wp-content\\\/uploads\\\/2019\\\/07\\\/VAM-Logo_web.jpg\",\"width\":800,\"height\":181,\"caption\":\"Verband Aargauer Muslime\"},\"image\":{\"@id\":\"https:\\\/\\\/aargauermuslime.ch\\\/de\\\/#\\\/schema\\\/logo\\\/image\\\/\"},\"sameAs\":[\"https:\\\/\\\/www.facebook.com\\\/groups\\\/aargauermuslime\"]}]}<\/script>\n<!-- \/ Yoast SEO plugin. -->","yoast_head_json":{"title":"Kantonale muslimische Verb\u00e4nde in der Schweiz - Verband Aargauer Muslime (VAM)","robots":{"index":"index","follow":"follow","max-snippet":"max-snippet:-1","max-image-preview":"max-image-preview:large","max-video-preview":"max-video-preview:-1"},"canonical":"https:\/\/aargauermuslime.ch\/de\/links\/kantonale-muslimische-verbaende-in-der-schweiz\/","og_locale":"de_DE","og_type":"article","og_title":"Kantonale muslimische Verb\u00e4nde in der Schweiz - Verband Aargauer Muslime (VAM)","og_description":"www.vioz.chVIOZ (Z\u00fcrich) www.bmk-online.ch Basler Muslim Kommission (Basel) www.digo.ch DIGO (Ostschweiz) www.fids.ch F\u00f6deration islamischer Dachorganisationen Schweiz","og_url":"https:\/\/aargauermuslime.ch\/de\/links\/kantonale-muslimische-verbaende-in-der-schweiz\/","og_site_name":"Verband Aargauer Muslime (VAM)","article_publisher":"https:\/\/www.facebook.com\/groups\/aargauermuslime","article_modified_time":"2019-06-07T20:52:04+00:00","twitter_card":"summary_large_image","schema":{"@context":"https:\/\/schema.org","@graph":[{"@type":"WebPage","@id":"https:\/\/aargauermuslime.ch\/de\/links\/kantonale-muslimische-verbaende-in-der-schweiz\/","url":"https:\/\/aargauermuslime.ch\/de\/links\/kantonale-muslimische-verbaende-in-der-schweiz\/","name":"Kantonale muslimische Verb\u00e4nde in der Schweiz - Verband Aargauer Muslime (VAM)","isPartOf":{"@id":"https:\/\/aargauermuslime.ch\/de\/#website"},"datePublished":"2019-06-07T20:50:37+00:00","dateModified":"2019-06-07T20:52:04+00:00","breadcrumb":{"@id":"https:\/\/aargauermuslime.ch\/de\/links\/kantonale-muslimische-verbaende-in-der-schweiz\/#breadcrumb"},"inLanguage":"de","potentialAction":[{"@type":"ReadAction","target":["https:\/\/aargauermuslime.ch\/de\/links\/kantonale-muslimische-verbaende-in-der-schweiz\/"]}]},{"@type":"BreadcrumbList","@id":"https:\/\/aargauermuslime.ch\/de\/links\/kantonale-muslimische-verbaende-in-der-schweiz\/#breadcrumb","itemListElement":[{"@type":"ListItem","position":1,"name":"Startseite","item":"https:\/\/aargauermuslime.ch\/de\/"},{"@type":"ListItem","position":2,"name":"Links","item":"https:\/\/aargauermuslime.ch\/de\/links\/"},{"@type":"ListItem","position":3,"name":"Kantonale muslimische Verb\u00e4nde in der Schweiz"}]},{"@type":"WebSite","@id":"https:\/\/aargauermuslime.ch\/de\/#website","url":"https:\/\/aargauermuslime.ch\/de\/","name":"Verband Aargauer Muslime (VAM)","description":"Dachverband der muslimischen Institutionen im Aargau","publisher":{"@id":"https:\/\/aargauermuslime.ch\/de\/#organization"},"potentialAction":[{"@type":"SearchAction","target":{"@type":"EntryPoint","urlTemplate":"https:\/\/aargauermuslime.ch\/de\/?s={search_term_string}"},"query-input":{"@type":"PropertyValueSpecification","valueRequired":true,"valueName":"search_term_string"}}],"inLanguage":"de"},{"@type":"Organization","@id":"https:\/\/aargauermuslime.ch\/de\/#organization","name":"Verband Aargauer Muslime","alternateName":"VAM","url":"https:\/\/aargauermuslime.ch\/de\/","logo":{"@type":"ImageObject","inLanguage":"de","@id":"https:\/\/aargauermuslime.ch\/de\/#\/schema\/logo\/image\/","url":"https:\/\/aargauermuslime.ch\/de\/wp-content\/uploads\/2019\/07\/VAM-Logo_web.jpg","contentUrl":"https:\/\/aargauermuslime.ch\/de\/wp-content\/uploads\/2019\/07\/VAM-Logo_web.jpg","width":800,"height":181,"caption":"Verband Aargauer Muslime"},"image":{"@id":"https:\/\/aargauermuslime.ch\/de\/#\/schema\/logo\/image\/"},"sameAs":["https:\/\/www.facebook.com\/groups\/aargauermuslime"]}]}},"_links":{"self":[{"href":"https:\/\/aargauermuslime.ch\/de\/wp-json\/wp\/v2\/pages\/938","targetHints":{"allow":["GET"]}}],"collection":[{"href":"https:\/\/aargauermuslime.ch\/de\/wp-json\/wp\/v2\/pages"}],"about":[{"href":"https:\/\/aargauermuslime.ch\/de\/wp-json\/wp\/v2\/types\/page"}],"author":[{"embeddable":true,"href":"https:\/\/aargauermuslime.ch\/de\/wp-json\/wp\/v2\/users\/2"}],"replies":[{"embeddable":true,"href":"https:\/\/aargauermuslime.ch\/de\/wp-json\/wp\/v2\/comments?post=938"}],"version-history":[{"count":1,"href":"https:\/\/aargauermuslime.ch\/de\/wp-json\/wp\/v2\/pages\/938\/revisions"}],"predecessor-version":[{"id":939,"href":"https:\/\/aargauermuslime.ch\/de\/wp-json\/wp\/v2\/pages\/938\/revisions\/939"}],"up":[{"embeddable":true,"href":"https:\/\/aargauermuslime.ch\/de\/wp-json\/wp\/v2\/pages\/933"}],"wp:attachment":[{"href":"https:\/\/aargauermuslime.ch\/de\/wp-json\/wp\/v2\/media?parent=938"}],"curies":[{"name":"wp","href":"https:\/\/api.w.org\/{rel}","templated":true}]}}

Kantonale muslimische Verbände in der Schweiz

<ul class="wp-block-list"><li> <a rel="noreferrer noopener" href="http://www.vioz.ch/" target="_blank">www.vioz.ch</a>VIOZ (Zürich)</li><li> <a rel="noreferrer noopener" href="http://www.bmk-online.ch/" target="_blank">www.bmk-online.ch</a> Basler Muslim Kommission (Basel)</li><li> <a rel="noreferrer noopener" href="http://www.digo.ch/" target="_blank">www.digo.ch</a> DIGO (Ostschweiz)</li><li> <a rel="noreferrer noopener" href="http://www.fids.ch/" target="_blank">www.fids.ch</a> Föderation islamischer Dachorganisationen Schweiz</li></ul>

<p>www.vioz.chVIOZ (Zürich) www.bmk-online.ch Basler Muslim Kommission (Basel) www.digo.ch DIGO (Ostschweiz) www.fids.ch Föderation islamischer Dachorganisationen Schweiz</p>

<!-- This site is optimized with the Yoast SEO plugin v27.4 - https://yoast.com/product/yoast-seo-wordpress/ -->
<title>Kantonale muslimische Verbände in der Schweiz - Verband Aargauer Muslime (VAM)</title>
<meta name="robots" content="index, follow, max-snippet:-1, max-image-preview:large, max-video-preview:-1" />
<link rel="canonical" href="https://aargauermuslime.ch/de/links/kantonale-muslimische-verbaende-in-der-schweiz/" />
<meta property="og:locale" content="de_DE" />
<meta property="og:type" content="article" />
<meta property="og:title" content="Kantonale muslimische Verbände in der Schweiz - Verband Aargauer Muslime (VAM)" />
<meta property="og:description" content="www.vioz.chVIOZ (Zürich) www.bmk-online.ch Basler Muslim Kommission (Basel) www.digo.ch DIGO (Ostschweiz) www.fids.ch Föderation islamischer Dachorganisationen Schweiz" />
<meta property="og:url" content="https://aargauermuslime.ch/de/links/kantonale-muslimische-verbaende-in-der-schweiz/" />
<meta property="og:site_name" content="Verband Aargauer Muslime (VAM)" />
<meta property="article:publisher" content="https://www.facebook.com/groups/aargauermuslime" />
<meta property="article:modified_time" content="2019-06-07T20:52:04+00:00" />
<meta name="twitter:card" content="summary_large_image" />
<script type="application/ld+json" class="yoast-schema-graph">{"@context":"https:\/\/schema.org","@graph":[{"@type":"WebPage","@id":"https:\/\/aargauermuslime.ch\/de\/links\/kantonale-muslimische-verbaende-in-der-schweiz\/","url":"https:\/\/aargauermuslime.ch\/de\/links\/kantonale-muslimische-verbaende-in-der-schweiz\/","name":"Kantonale muslimische Verbände in der Schweiz - Verband Aargauer Muslime (VAM)","isPartOf":{"@id":"https:\/\/aargauermuslime.ch\/de\/#website"},"datePublished":"2019-06-07T20:50:37+00:00","dateModified":"2019-06-07T20:52:04+00:00","breadcrumb":{"@id":"https:\/\/aargauermuslime.ch\/de\/links\/kantonale-muslimische-verbaende-in-der-schweiz\/#breadcrumb"},"inLanguage":"de","potentialAction":[{"@type":"ReadAction","target":["https:\/\/aargauermuslime.ch\/de\/links\/kantonale-muslimische-verbaende-in-der-schweiz\/"]}]},{"@type":"BreadcrumbList","@id":"https:\/\/aargauermuslime.ch\/de\/links\/kantonale-muslimische-verbaende-in-der-schweiz\/#breadcrumb","itemListElement":[{"@type":"ListItem","position":1,"name":"Startseite","item":"https:\/\/aargauermuslime.ch\/de\/"},{"@type":"ListItem","position":2,"name":"Links","item":"https:\/\/aargauermuslime.ch\/de\/links\/"},{"@type":"ListItem","position":3,"name":"Kantonale muslimische Verbände in der Schweiz"}]},{"@type":"WebSite","@id":"https:\/\/aargauermuslime.ch\/de\/#website","url":"https:\/\/aargauermuslime.ch\/de\/","name":"Verband Aargauer Muslime (VAM)","description":"Dachverband der muslimischen Institutionen im Aargau","publisher":{"@id":"https:\/\/aargauermuslime.ch\/de\/#organization"},"potentialAction":[{"@type":"SearchAction","target":{"@type":"EntryPoint","urlTemplate":"https:\/\/aargauermuslime.ch\/de\/?s={search_term_string}"},"query-input":{"@type":"PropertyValueSpecification","valueRequired":true,"valueName":"search_term_string"}}],"inLanguage":"de"},{"@type":"Organization","@id":"https:\/\/aargauermuslime.ch\/de\/#organization","name":"Verband Aargauer Muslime","alternateName":"VAM","url":"https:\/\/aargauermuslime.ch\/de\/","logo":{"@type":"ImageObject","inLanguage":"de","@id":"https:\/\/aargauermuslime.ch\/de\/#\/schema\/logo\/image\/","url":"https:\/\/aargauermuslime.ch\/de\/wp-content\/uploads\/2019\/07\/VAM-Logo_web.jpg","contentUrl":"https:\/\/aargauermuslime.ch\/de\/wp-content\/uploads\/2019\/07\/VAM-Logo_web.jpg","width":800,"height":181,"caption":"Verband Aargauer Muslime"},"image":{"@id":"https:\/\/aargauermuslime.ch\/de\/#\/schema\/logo\/image\/"},"sameAs":["https:\/\/www.facebook.com\/groups\/aargauermuslime"]}]}</script>
<!-- / Yoast SEO plugin. -->

Kantonale muslimische Verbände in der Schweiz - Verband Aargauer Muslime (VAM)

www.vioz.chVIOZ (Zürich) www.bmk-online.ch Basler Muslim Kommission (Basel) www.digo.ch DIGO (Ostschweiz) www.fids.ch Föderation islamischer Dachorganisationen Schweiz
