{"id":3850,"date":"2022-12-21T20:48:51","date_gmt":"2022-12-21T18:48:51","guid":{"rendered":"https:\/\/aargauermuslime.ch\/de\/?post_type=tribe_events&#038;p=3850"},"modified":"2023-09-07T19:31:03","modified_gmt":"2023-09-07T17:31:03","slug":"gebet-der-religionen-in-baden","status":"publish","type":"tribe_events","link":"https:\/\/aargauermuslime.ch\/de\/veranstaltung\/gebet-der-religionen-in-baden\/","title":{"rendered":"Gebet der Religionen anl\u00e4sslich der Badenfahrt 2023"},"content":{"rendered":"<p>Der VAM beteiligt sich wieder am traditionellen Gebet der Religionen in Baden, welches dieses Jahr nicht am eidgen\u00f6ssischen Buss- und Bettages stattfindet, sondern w\u00e4hrend der ber\u00fchmten <a href=\"https:\/\/badenfahrt.ch\/\" target=\"_blank\" rel=\"noopener\">Badenfahrt 2023<\/a>&nbsp;unter dem Titel \u00abInterkultureller Gottesdienst &amp; WeltCHOR Baden\u00bb.<\/p>\n<p>Weitere Details k\u00f6nnen dem <a href=\"https:\/\/badenfahrt.ch\/das-fest-2023\/programm\/\" target=\"_blank\" rel=\"noopener\">Programm der Badenfahrt 2023<\/a> entnommen werden.<\/p>\n","protected":false},"excerpt":{"rendered":"<p>Der VAM beteiligt sich wieder am traditionellen Gebet der Religionen in Baden, welches dieses Jahr nicht am eidgen\u00f6ssischen Buss- und Bettages stattfindet, sondern w\u00e4hrend der ber\u00fchmten Badenfahrt 2023&nbsp;unter dem Titel [&hellip;]<\/p>\n","protected":false},"author":4,"featured_media":0,"template":"","meta":{"_et_pb_use_builder":"","_et_pb_old_content":"","_et_gb_content_width":"","ngg_post_thumbnail":0,"_tribe_events_status":"","_tribe_events_status_reason":"","footnotes":""},"tags":[],"tribe_events_cat":[],"class_list":["post-3850","tribe_events","type-tribe_events","status-publish","hentry"],"yoast_head":"<!-- This site is optimized with the Yoast SEO plugin v27.4 - https:\/\/yoast.com\/product\/yoast-seo-wordpress\/ -->\n<title>Gebet der Religionen anl\u00e4sslich der Badenfahrt 2023 - Verband Aargauer Muslime (VAM)<\/title>\n<meta name=\"robots\" content=\"index, follow, max-snippet:-1, max-image-preview:large, max-video-preview:-1\" \/>\n<link rel=\"canonical\" href=\"https:\/\/aargauermuslime.ch\/de\/veranstaltung\/gebet-der-religionen-in-baden\/\" \/>\n<meta property=\"og:locale\" content=\"de_DE\" \/>\n<meta property=\"og:type\" content=\"article\" \/>\n<meta property=\"og:title\" content=\"Gebet der Religionen anl\u00e4sslich der Badenfahrt 2023 - Verband Aargauer Muslime (VAM)\" \/>\n<meta property=\"og:description\" content=\"Der VAM beteiligt sich wieder am traditionellen Gebet der Religionen in Baden, welches dieses Jahr nicht am eidgen\u00f6ssischen Buss- und Bettages stattfindet, sondern w\u00e4hrend der ber\u00fchmten Badenfahrt 2023&nbsp;unter dem Titel [&hellip;]\" \/>\n<meta property=\"og:url\" content=\"https:\/\/aargauermuslime.ch\/de\/veranstaltung\/gebet-der-religionen-in-baden\/\" \/>\n<meta property=\"og:site_name\" content=\"Verband Aargauer Muslime (VAM)\" \/>\n<meta property=\"article:publisher\" content=\"https:\/\/www.facebook.com\/groups\/aargauermuslime\" \/>\n<meta property=\"article:modified_time\" content=\"2023-09-07T17:31:03+00:00\" \/>\n<meta name=\"twitter:card\" content=\"summary_large_image\" \/>\n<meta name=\"twitter:label1\" content=\"Gesch\u00e4tzte Lesezeit\" \/>\n\t<meta name=\"twitter:data1\" content=\"1\u00a0Minute\" \/>\n<script type=\"application\/ld+json\" class=\"yoast-schema-graph\">{\"@context\":\"https:\\\/\\\/schema.org\",\"@graph\":[{\"@type\":\"WebPage\",\"@id\":\"https:\\\/\\\/aargauermuslime.ch\\\/de\\\/veranstaltung\\\/gebet-der-religionen-in-baden\\\/\",\"url\":\"https:\\\/\\\/aargauermuslime.ch\\\/de\\\/veranstaltung\\\/gebet-der-religionen-in-baden\\\/\",\"name\":\"Gebet der Religionen anl\u00e4sslich der Badenfahrt 2023 - Verband Aargauer Muslime (VAM)\",\"isPartOf\":{\"@id\":\"https:\\\/\\\/aargauermuslime.ch\\\/de\\\/#website\"},\"datePublished\":\"2022-12-21T18:48:51+00:00\",\"dateModified\":\"2023-09-07T17:31:03+00:00\",\"breadcrumb\":{\"@id\":\"https:\\\/\\\/aargauermuslime.ch\\\/de\\\/veranstaltung\\\/gebet-der-religionen-in-baden\\\/#breadcrumb\"},\"inLanguage\":\"de\",\"potentialAction\":[{\"@type\":\"ReadAction\",\"target\":[\"https:\\\/\\\/aargauermuslime.ch\\\/de\\\/veranstaltung\\\/gebet-der-religionen-in-baden\\\/\"]}]},{\"@type\":\"BreadcrumbList\",\"@id\":\"https:\\\/\\\/aargauermuslime.ch\\\/de\\\/veranstaltung\\\/gebet-der-religionen-in-baden\\\/#breadcrumb\",\"itemListElement\":[{\"@type\":\"ListItem\",\"position\":1,\"name\":\"Startseite\",\"item\":\"https:\\\/\\\/aargauermuslime.ch\\\/de\\\/\"},{\"@type\":\"ListItem\",\"position\":2,\"name\":\"Veranstaltungen\",\"item\":\"https:\\\/\\\/aargauermuslime.ch\\\/de\\\/veranstaltungen\\\/\"},{\"@type\":\"ListItem\",\"position\":3,\"name\":\"Gebet der Religionen anl\u00e4sslich der Badenfahrt 2023\"}]},{\"@type\":\"WebSite\",\"@id\":\"https:\\\/\\\/aargauermuslime.ch\\\/de\\\/#website\",\"url\":\"https:\\\/\\\/aargauermuslime.ch\\\/de\\\/\",\"name\":\"Verband Aargauer Muslime (VAM)\",\"description\":\"Dachverband der muslimischen Institutionen im Aargau\",\"publisher\":{\"@id\":\"https:\\\/\\\/aargauermuslime.ch\\\/de\\\/#organization\"},\"potentialAction\":[{\"@type\":\"SearchAction\",\"target\":{\"@type\":\"EntryPoint\",\"urlTemplate\":\"https:\\\/\\\/aargauermuslime.ch\\\/de\\\/?s={search_term_string}\"},\"query-input\":{\"@type\":\"PropertyValueSpecification\",\"valueRequired\":true,\"valueName\":\"search_term_string\"}}],\"inLanguage\":\"de\"},{\"@type\":\"Organization\",\"@id\":\"https:\\\/\\\/aargauermuslime.ch\\\/de\\\/#organization\",\"name\":\"Verband Aargauer Muslime\",\"alternateName\":\"VAM\",\"url\":\"https:\\\/\\\/aargauermuslime.ch\\\/de\\\/\",\"logo\":{\"@type\":\"ImageObject\",\"inLanguage\":\"de\",\"@id\":\"https:\\\/\\\/aargauermuslime.ch\\\/de\\\/#\\\/schema\\\/logo\\\/image\\\/\",\"url\":\"https:\\\/\\\/aargauermuslime.ch\\\/de\\\/wp-content\\\/uploads\\\/2019\\\/07\\\/VAM-Logo_web.jpg\",\"contentUrl\":\"https:\\\/\\\/aargauermuslime.ch\\\/de\\\/wp-content\\\/uploads\\\/2019\\\/07\\\/VAM-Logo_web.jpg\",\"width\":800,\"height\":181,\"caption\":\"Verband Aargauer Muslime\"},\"image\":{\"@id\":\"https:\\\/\\\/aargauermuslime.ch\\\/de\\\/#\\\/schema\\\/logo\\\/image\\\/\"},\"sameAs\":[\"https:\\\/\\\/www.facebook.com\\\/groups\\\/aargauermuslime\"]}]}<\/script>\n<!-- \/ Yoast SEO plugin. -->","yoast_head_json":{"title":"Gebet der Religionen anl\u00e4sslich der Badenfahrt 2023 - Verband Aargauer Muslime (VAM)","robots":{"index":"index","follow":"follow","max-snippet":"max-snippet:-1","max-image-preview":"max-image-preview:large","max-video-preview":"max-video-preview:-1"},"canonical":"https:\/\/aargauermuslime.ch\/de\/veranstaltung\/gebet-der-religionen-in-baden\/","og_locale":"de_DE","og_type":"article","og_title":"Gebet der Religionen anl\u00e4sslich der Badenfahrt 2023 - Verband Aargauer Muslime (VAM)","og_description":"Der VAM beteiligt sich wieder am traditionellen Gebet der Religionen in Baden, welches dieses Jahr nicht am eidgen\u00f6ssischen Buss- und Bettages stattfindet, sondern w\u00e4hrend der ber\u00fchmten Badenfahrt 2023&nbsp;unter dem Titel [&hellip;]","og_url":"https:\/\/aargauermuslime.ch\/de\/veranstaltung\/gebet-der-religionen-in-baden\/","og_site_name":"Verband Aargauer Muslime (VAM)","article_publisher":"https:\/\/www.facebook.com\/groups\/aargauermuslime","article_modified_time":"2023-09-07T17:31:03+00:00","twitter_card":"summary_large_image","twitter_misc":{"Gesch\u00e4tzte Lesezeit":"1\u00a0Minute"},"schema":{"@context":"https:\/\/schema.org","@graph":[{"@type":"WebPage","@id":"https:\/\/aargauermuslime.ch\/de\/veranstaltung\/gebet-der-religionen-in-baden\/","url":"https:\/\/aargauermuslime.ch\/de\/veranstaltung\/gebet-der-religionen-in-baden\/","name":"Gebet der Religionen anl\u00e4sslich der Badenfahrt 2023 - Verband Aargauer Muslime (VAM)","isPartOf":{"@id":"https:\/\/aargauermuslime.ch\/de\/#website"},"datePublished":"2022-12-21T18:48:51+00:00","dateModified":"2023-09-07T17:31:03+00:00","breadcrumb":{"@id":"https:\/\/aargauermuslime.ch\/de\/veranstaltung\/gebet-der-religionen-in-baden\/#breadcrumb"},"inLanguage":"de","potentialAction":[{"@type":"ReadAction","target":["https:\/\/aargauermuslime.ch\/de\/veranstaltung\/gebet-der-religionen-in-baden\/"]}]},{"@type":"BreadcrumbList","@id":"https:\/\/aargauermuslime.ch\/de\/veranstaltung\/gebet-der-religionen-in-baden\/#breadcrumb","itemListElement":[{"@type":"ListItem","position":1,"name":"Startseite","item":"https:\/\/aargauermuslime.ch\/de\/"},{"@type":"ListItem","position":2,"name":"Veranstaltungen","item":"https:\/\/aargauermuslime.ch\/de\/veranstaltungen\/"},{"@type":"ListItem","position":3,"name":"Gebet der Religionen anl\u00e4sslich der Badenfahrt 2023"}]},{"@type":"WebSite","@id":"https:\/\/aargauermuslime.ch\/de\/#website","url":"https:\/\/aargauermuslime.ch\/de\/","name":"Verband Aargauer Muslime (VAM)","description":"Dachverband der muslimischen Institutionen im Aargau","publisher":{"@id":"https:\/\/aargauermuslime.ch\/de\/#organization"},"potentialAction":[{"@type":"SearchAction","target":{"@type":"EntryPoint","urlTemplate":"https:\/\/aargauermuslime.ch\/de\/?s={search_term_string}"},"query-input":{"@type":"PropertyValueSpecification","valueRequired":true,"valueName":"search_term_string"}}],"inLanguage":"de"},{"@type":"Organization","@id":"https:\/\/aargauermuslime.ch\/de\/#organization","name":"Verband Aargauer Muslime","alternateName":"VAM","url":"https:\/\/aargauermuslime.ch\/de\/","logo":{"@type":"ImageObject","inLanguage":"de","@id":"https:\/\/aargauermuslime.ch\/de\/#\/schema\/logo\/image\/","url":"https:\/\/aargauermuslime.ch\/de\/wp-content\/uploads\/2019\/07\/VAM-Logo_web.jpg","contentUrl":"https:\/\/aargauermuslime.ch\/de\/wp-content\/uploads\/2019\/07\/VAM-Logo_web.jpg","width":800,"height":181,"caption":"Verband Aargauer Muslime"},"image":{"@id":"https:\/\/aargauermuslime.ch\/de\/#\/schema\/logo\/image\/"},"sameAs":["https:\/\/www.facebook.com\/groups\/aargauermuslime"]}]}},"_links":{"self":[{"href":"https:\/\/aargauermuslime.ch\/de\/wp-json\/wp\/v2\/tribe_events\/3850","targetHints":{"allow":["GET"]}}],"collection":[{"href":"https:\/\/aargauermuslime.ch\/de\/wp-json\/wp\/v2\/tribe_events"}],"about":[{"href":"https:\/\/aargauermuslime.ch\/de\/wp-json\/wp\/v2\/types\/tribe_events"}],"author":[{"embeddable":true,"href":"https:\/\/aargauermuslime.ch\/de\/wp-json\/wp\/v2\/users\/4"}],"version-history":[{"count":4,"href":"https:\/\/aargauermuslime.ch\/de\/wp-json\/wp\/v2\/tribe_events\/3850\/revisions"}],"predecessor-version":[{"id":3956,"href":"https:\/\/aargauermuslime.ch\/de\/wp-json\/wp\/v2\/tribe_events\/3850\/revisions\/3956"}],"wp:attachment":[{"href":"https:\/\/aargauermuslime.ch\/de\/wp-json\/wp\/v2\/media?parent=3850"}],"wp:term":[{"taxonomy":"post_tag","embeddable":true,"href":"https:\/\/aargauermuslime.ch\/de\/wp-json\/wp\/v2\/tags?post=3850"},{"taxonomy":"tribe_events_cat","embeddable":true,"href":"https:\/\/aargauermuslime.ch\/de\/wp-json\/wp\/v2\/tribe_events_cat?post=3850"}],"curies":[{"name":"wp","href":"https:\/\/api.w.org\/{rel}","templated":true}]}}

Gebet der Religionen anlässlich der Badenfahrt 2023

<p>Der VAM beteiligt sich wieder am traditionellen Gebet der Religionen in Baden, welches dieses Jahr nicht am eidgenössischen Buss- und Bettages stattfindet, sondern während der berühmten <a href="https://badenfahrt.ch/" target="_blank" rel="noopener">Badenfahrt 2023</a>&nbsp;unter dem Titel «Interkultureller Gottesdienst &amp; WeltCHOR Baden».</p>
<p>Weitere Details können dem <a href="https://badenfahrt.ch/das-fest-2023/programm/" target="_blank" rel="noopener">Programm der Badenfahrt 2023</a> entnommen werden.</p>

<p>Der VAM beteiligt sich wieder am traditionellen Gebet der Religionen in Baden, welches dieses Jahr nicht am eidgenössischen Buss- und Bettages stattfindet, sondern während der berühmten Badenfahrt 2023&nbsp;unter dem Titel [&hellip;]</p>

<!-- This site is optimized with the Yoast SEO plugin v27.4 - https://yoast.com/product/yoast-seo-wordpress/ -->
<title>Gebet der Religionen anlässlich der Badenfahrt 2023 - Verband Aargauer Muslime (VAM)</title>
<meta name="robots" content="index, follow, max-snippet:-1, max-image-preview:large, max-video-preview:-1" />
<link rel="canonical" href="https://aargauermuslime.ch/de/veranstaltung/gebet-der-religionen-in-baden/" />
<meta property="og:locale" content="de_DE" />
<meta property="og:type" content="article" />
<meta property="og:title" content="Gebet der Religionen anlässlich der Badenfahrt 2023 - Verband Aargauer Muslime (VAM)" />
<meta property="og:description" content="Der VAM beteiligt sich wieder am traditionellen Gebet der Religionen in Baden, welches dieses Jahr nicht am eidgenössischen Buss- und Bettages stattfindet, sondern während der berühmten Badenfahrt 2023&nbsp;unter dem Titel [&hellip;]" />
<meta property="og:url" content="https://aargauermuslime.ch/de/veranstaltung/gebet-der-religionen-in-baden/" />
<meta property="og:site_name" content="Verband Aargauer Muslime (VAM)" />
<meta property="article:publisher" content="https://www.facebook.com/groups/aargauermuslime" />
<meta property="article:modified_time" content="2023-09-07T17:31:03+00:00" />
<meta name="twitter:card" content="summary_large_image" />
<meta name="twitter:label1" content="Geschätzte Lesezeit" />
	<meta name="twitter:data1" content="1 Minute" />
<script type="application/ld+json" class="yoast-schema-graph">{"@context":"https:\/\/schema.org","@graph":[{"@type":"WebPage","@id":"https:\/\/aargauermuslime.ch\/de\/veranstaltung\/gebet-der-religionen-in-baden\/","url":"https:\/\/aargauermuslime.ch\/de\/veranstaltung\/gebet-der-religionen-in-baden\/","name":"Gebet der Religionen anlässlich der Badenfahrt 2023 - Verband Aargauer Muslime (VAM)","isPartOf":{"@id":"https:\/\/aargauermuslime.ch\/de\/#website"},"datePublished":"2022-12-21T18:48:51+00:00","dateModified":"2023-09-07T17:31:03+00:00","breadcrumb":{"@id":"https:\/\/aargauermuslime.ch\/de\/veranstaltung\/gebet-der-religionen-in-baden\/#breadcrumb"},"inLanguage":"de","potentialAction":[{"@type":"ReadAction","target":["https:\/\/aargauermuslime.ch\/de\/veranstaltung\/gebet-der-religionen-in-baden\/"]}]},{"@type":"BreadcrumbList","@id":"https:\/\/aargauermuslime.ch\/de\/veranstaltung\/gebet-der-religionen-in-baden\/#breadcrumb","itemListElement":[{"@type":"ListItem","position":1,"name":"Startseite","item":"https:\/\/aargauermuslime.ch\/de\/"},{"@type":"ListItem","position":2,"name":"Veranstaltungen","item":"https:\/\/aargauermuslime.ch\/de\/veranstaltungen\/"},{"@type":"ListItem","position":3,"name":"Gebet der Religionen anlässlich der Badenfahrt 2023"}]},{"@type":"WebSite","@id":"https:\/\/aargauermuslime.ch\/de\/#website","url":"https:\/\/aargauermuslime.ch\/de\/","name":"Verband Aargauer Muslime (VAM)","description":"Dachverband der muslimischen Institutionen im Aargau","publisher":{"@id":"https:\/\/aargauermuslime.ch\/de\/#organization"},"potentialAction":[{"@type":"SearchAction","target":{"@type":"EntryPoint","urlTemplate":"https:\/\/aargauermuslime.ch\/de\/?s={search_term_string}"},"query-input":{"@type":"PropertyValueSpecification","valueRequired":true,"valueName":"search_term_string"}}],"inLanguage":"de"},{"@type":"Organization","@id":"https:\/\/aargauermuslime.ch\/de\/#organization","name":"Verband Aargauer Muslime","alternateName":"VAM","url":"https:\/\/aargauermuslime.ch\/de\/","logo":{"@type":"ImageObject","inLanguage":"de","@id":"https:\/\/aargauermuslime.ch\/de\/#\/schema\/logo\/image\/","url":"https:\/\/aargauermuslime.ch\/de\/wp-content\/uploads\/2019\/07\/VAM-Logo_web.jpg","contentUrl":"https:\/\/aargauermuslime.ch\/de\/wp-content\/uploads\/2019\/07\/VAM-Logo_web.jpg","width":800,"height":181,"caption":"Verband Aargauer Muslime"},"image":{"@id":"https:\/\/aargauermuslime.ch\/de\/#\/schema\/logo\/image\/"},"sameAs":["https:\/\/www.facebook.com\/groups\/aargauermuslime"]}]}</script>
<!-- / Yoast SEO plugin. -->

Gebet der Religionen anlässlich der Badenfahrt 2023 - Verband Aargauer Muslime (VAM)

Der VAM beteiligt sich wieder am traditionellen Gebet der Religionen in Baden, welches dieses Jahr nicht am eidgenössischen Buss- und Bettages stattfindet, sondern während der berühmten Badenfahrt 2023&nbsp;unter dem Titel [&hellip;]
