{"id":3932,"date":"2023-05-13T11:06:52","date_gmt":"2023-05-13T09:06:52","guid":{"rendered":"https:\/\/aargauermuslime.ch\/de\/?post_type=tribe_events&#038;p=3932"},"modified":"2023-08-21T20:01:29","modified_gmt":"2023-08-21T18:01:29","slug":"vam-wahlpodium-2023","status":"publish","type":"tribe_events","link":"https:\/\/aargauermuslime.ch\/de\/veranstaltung\/vam-wahlpodium-2023\/","title":{"rendered":"VAM-Wahlpodium 2023"},"content":{"rendered":"<p>Am 22. Oktober 2023 <a href=\"https:\/\/www.ch.ch\/de\/wahlen2023\/\" target=\"_blank\" rel=\"noopener\">w\u00e4hlen die Schweizer Stimmb\u00fcrgerinnen und Stimmb\u00fcrger ihr neues Parlament<\/a>. Dabei geht es um die 200 Volksvertreterinnen und -vertreter im Nationalrat und die 46 Mitglieder des St\u00e4nderats.<\/p>\n<p>Wie bereits im Jahre 2019 mo\u0308chten wir allen im Aargau lebenden Musliminnen und Muslimen die Gelegenheit geben, Kandidatinnen und Kandidaten pers\u00f6nlich kennenzulernen und ihnen auf den Zahn zu f\u00fchlen. Dazu haben wir alle grossen Parteien im Kanton angeschrieben und sie eingeladen, an einem Podium teilzunehmen. Einige haben zugesagt und werden uns in der bosnischen Moschee in Oberentfelden besuchen.<\/p>\n<p>Wir freuen uns auf eine zahlreiche Teilnahme. Alle weiteren Details k\u00f6nnen dem <a href=\"https:\/\/aargauermuslime.ch\/de\/wp-content\/uploads\/2023\/08\/Flyer_VAM-Wahlpodium_2023-v02.pdf\" target=\"_blank\" rel=\"noopener\">Flyer<\/a> entnommen werden.<\/p>\n","protected":false},"excerpt":{"rendered":"<p>Am 22. Oktober 2023 w\u00e4hlen die Schweizer Stimmb\u00fcrgerinnen und Stimmb\u00fcrger ihr neues Parlament. Dabei geht es um die 200 Volksvertreterinnen und -vertreter im Nationalrat und die 46 Mitglieder des St\u00e4nderats. [&hellip;]<\/p>\n","protected":false},"author":4,"featured_media":3938,"template":"","meta":{"_et_pb_use_builder":"","_et_pb_old_content":"","_et_gb_content_width":"","ngg_post_thumbnail":0,"_tribe_events_status":"","_tribe_events_status_reason":"","footnotes":""},"tags":[],"tribe_events_cat":[],"class_list":["post-3932","tribe_events","type-tribe_events","status-publish","has-post-thumbnail","hentry"],"yoast_head":"<!-- This site is optimized with the Yoast SEO plugin v27.4 - https:\/\/yoast.com\/product\/yoast-seo-wordpress\/ -->\n<title>VAM-Wahlpodium 2023 - Verband Aargauer Muslime (VAM)<\/title>\n<meta name=\"robots\" content=\"index, follow, max-snippet:-1, max-image-preview:large, max-video-preview:-1\" \/>\n<link rel=\"canonical\" href=\"https:\/\/aargauermuslime.ch\/de\/veranstaltung\/vam-wahlpodium-2023\/\" \/>\n<meta property=\"og:locale\" content=\"de_DE\" \/>\n<meta property=\"og:type\" content=\"article\" \/>\n<meta property=\"og:title\" content=\"VAM-Wahlpodium 2023 - Verband Aargauer Muslime (VAM)\" \/>\n<meta property=\"og:description\" content=\"Am 22. Oktober 2023 w\u00e4hlen die Schweizer Stimmb\u00fcrgerinnen und Stimmb\u00fcrger ihr neues Parlament. Dabei geht es um die 200 Volksvertreterinnen und -vertreter im Nationalrat und die 46 Mitglieder des St\u00e4nderats. [&hellip;]\" \/>\n<meta property=\"og:url\" content=\"https:\/\/aargauermuslime.ch\/de\/veranstaltung\/vam-wahlpodium-2023\/\" \/>\n<meta property=\"og:site_name\" content=\"Verband Aargauer Muslime (VAM)\" \/>\n<meta property=\"article:publisher\" content=\"https:\/\/www.facebook.com\/groups\/aargauermuslime\" \/>\n<meta property=\"article:modified_time\" content=\"2023-08-21T18:01:29+00:00\" \/>\n<meta property=\"og:image\" content=\"https:\/\/aargauermuslime.ch\/de\/wp-content\/uploads\/2023\/05\/Logo_Eidgenoessische_Wahlen_2023.jpg\" \/>\n\t<meta property=\"og:image:width\" content=\"1443\" \/>\n\t<meta property=\"og:image:height\" content=\"947\" \/>\n\t<meta property=\"og:image:type\" content=\"image\/jpeg\" \/>\n<meta name=\"twitter:card\" content=\"summary_large_image\" \/>\n<meta name=\"twitter:label1\" content=\"Gesch\u00e4tzte Lesezeit\" \/>\n\t<meta name=\"twitter:data1\" content=\"1\u00a0Minute\" \/>\n<script type=\"application\/ld+json\" class=\"yoast-schema-graph\">{\"@context\":\"https:\\\/\\\/schema.org\",\"@graph\":[{\"@type\":\"WebPage\",\"@id\":\"https:\\\/\\\/aargauermuslime.ch\\\/de\\\/veranstaltung\\\/vam-wahlpodium-2023\\\/\",\"url\":\"https:\\\/\\\/aargauermuslime.ch\\\/de\\\/veranstaltung\\\/vam-wahlpodium-2023\\\/\",\"name\":\"VAM-Wahlpodium 2023 - Verband Aargauer Muslime (VAM)\",\"isPartOf\":{\"@id\":\"https:\\\/\\\/aargauermuslime.ch\\\/de\\\/#website\"},\"primaryImageOfPage\":{\"@id\":\"https:\\\/\\\/aargauermuslime.ch\\\/de\\\/veranstaltung\\\/vam-wahlpodium-2023\\\/#primaryimage\"},\"image\":{\"@id\":\"https:\\\/\\\/aargauermuslime.ch\\\/de\\\/veranstaltung\\\/vam-wahlpodium-2023\\\/#primaryimage\"},\"thumbnailUrl\":\"https:\\\/\\\/aargauermuslime.ch\\\/de\\\/wp-content\\\/uploads\\\/2023\\\/05\\\/Logo_Eidgenoessische_Wahlen_2023.jpg\",\"datePublished\":\"2023-05-13T09:06:52+00:00\",\"dateModified\":\"2023-08-21T18:01:29+00:00\",\"breadcrumb\":{\"@id\":\"https:\\\/\\\/aargauermuslime.ch\\\/de\\\/veranstaltung\\\/vam-wahlpodium-2023\\\/#breadcrumb\"},\"inLanguage\":\"de\",\"potentialAction\":[{\"@type\":\"ReadAction\",\"target\":[\"https:\\\/\\\/aargauermuslime.ch\\\/de\\\/veranstaltung\\\/vam-wahlpodium-2023\\\/\"]}]},{\"@type\":\"ImageObject\",\"inLanguage\":\"de\",\"@id\":\"https:\\\/\\\/aargauermuslime.ch\\\/de\\\/veranstaltung\\\/vam-wahlpodium-2023\\\/#primaryimage\",\"url\":\"https:\\\/\\\/aargauermuslime.ch\\\/de\\\/wp-content\\\/uploads\\\/2023\\\/05\\\/Logo_Eidgenoessische_Wahlen_2023.jpg\",\"contentUrl\":\"https:\\\/\\\/aargauermuslime.ch\\\/de\\\/wp-content\\\/uploads\\\/2023\\\/05\\\/Logo_Eidgenoessische_Wahlen_2023.jpg\",\"width\":1443,\"height\":947},{\"@type\":\"BreadcrumbList\",\"@id\":\"https:\\\/\\\/aargauermuslime.ch\\\/de\\\/veranstaltung\\\/vam-wahlpodium-2023\\\/#breadcrumb\",\"itemListElement\":[{\"@type\":\"ListItem\",\"position\":1,\"name\":\"Startseite\",\"item\":\"https:\\\/\\\/aargauermuslime.ch\\\/de\\\/\"},{\"@type\":\"ListItem\",\"position\":2,\"name\":\"Veranstaltungen\",\"item\":\"https:\\\/\\\/aargauermuslime.ch\\\/de\\\/veranstaltungen\\\/\"},{\"@type\":\"ListItem\",\"position\":3,\"name\":\"VAM-Wahlpodium 2023\"}]},{\"@type\":\"WebSite\",\"@id\":\"https:\\\/\\\/aargauermuslime.ch\\\/de\\\/#website\",\"url\":\"https:\\\/\\\/aargauermuslime.ch\\\/de\\\/\",\"name\":\"Verband Aargauer Muslime (VAM)\",\"description\":\"Dachverband der muslimischen Institutionen im Aargau\",\"publisher\":{\"@id\":\"https:\\\/\\\/aargauermuslime.ch\\\/de\\\/#organization\"},\"potentialAction\":[{\"@type\":\"SearchAction\",\"target\":{\"@type\":\"EntryPoint\",\"urlTemplate\":\"https:\\\/\\\/aargauermuslime.ch\\\/de\\\/?s={search_term_string}\"},\"query-input\":{\"@type\":\"PropertyValueSpecification\",\"valueRequired\":true,\"valueName\":\"search_term_string\"}}],\"inLanguage\":\"de\"},{\"@type\":\"Organization\",\"@id\":\"https:\\\/\\\/aargauermuslime.ch\\\/de\\\/#organization\",\"name\":\"Verband Aargauer Muslime\",\"alternateName\":\"VAM\",\"url\":\"https:\\\/\\\/aargauermuslime.ch\\\/de\\\/\",\"logo\":{\"@type\":\"ImageObject\",\"inLanguage\":\"de\",\"@id\":\"https:\\\/\\\/aargauermuslime.ch\\\/de\\\/#\\\/schema\\\/logo\\\/image\\\/\",\"url\":\"https:\\\/\\\/aargauermuslime.ch\\\/de\\\/wp-content\\\/uploads\\\/2019\\\/07\\\/VAM-Logo_web.jpg\",\"contentUrl\":\"https:\\\/\\\/aargauermuslime.ch\\\/de\\\/wp-content\\\/uploads\\\/2019\\\/07\\\/VAM-Logo_web.jpg\",\"width\":800,\"height\":181,\"caption\":\"Verband Aargauer Muslime\"},\"image\":{\"@id\":\"https:\\\/\\\/aargauermuslime.ch\\\/de\\\/#\\\/schema\\\/logo\\\/image\\\/\"},\"sameAs\":[\"https:\\\/\\\/www.facebook.com\\\/groups\\\/aargauermuslime\"]}]}<\/script>\n<!-- \/ Yoast SEO plugin. -->","yoast_head_json":{"title":"VAM-Wahlpodium 2023 - Verband Aargauer Muslime (VAM)","robots":{"index":"index","follow":"follow","max-snippet":"max-snippet:-1","max-image-preview":"max-image-preview:large","max-video-preview":"max-video-preview:-1"},"canonical":"https:\/\/aargauermuslime.ch\/de\/veranstaltung\/vam-wahlpodium-2023\/","og_locale":"de_DE","og_type":"article","og_title":"VAM-Wahlpodium 2023 - Verband Aargauer Muslime (VAM)","og_description":"Am 22. Oktober 2023 w\u00e4hlen die Schweizer Stimmb\u00fcrgerinnen und Stimmb\u00fcrger ihr neues Parlament. Dabei geht es um die 200 Volksvertreterinnen und -vertreter im Nationalrat und die 46 Mitglieder des St\u00e4nderats. [&hellip;]","og_url":"https:\/\/aargauermuslime.ch\/de\/veranstaltung\/vam-wahlpodium-2023\/","og_site_name":"Verband Aargauer Muslime (VAM)","article_publisher":"https:\/\/www.facebook.com\/groups\/aargauermuslime","article_modified_time":"2023-08-21T18:01:29+00:00","og_image":[{"width":1443,"height":947,"url":"https:\/\/aargauermuslime.ch\/de\/wp-content\/uploads\/2023\/05\/Logo_Eidgenoessische_Wahlen_2023.jpg","type":"image\/jpeg"}],"twitter_card":"summary_large_image","twitter_misc":{"Gesch\u00e4tzte Lesezeit":"1\u00a0Minute"},"schema":{"@context":"https:\/\/schema.org","@graph":[{"@type":"WebPage","@id":"https:\/\/aargauermuslime.ch\/de\/veranstaltung\/vam-wahlpodium-2023\/","url":"https:\/\/aargauermuslime.ch\/de\/veranstaltung\/vam-wahlpodium-2023\/","name":"VAM-Wahlpodium 2023 - Verband Aargauer Muslime (VAM)","isPartOf":{"@id":"https:\/\/aargauermuslime.ch\/de\/#website"},"primaryImageOfPage":{"@id":"https:\/\/aargauermuslime.ch\/de\/veranstaltung\/vam-wahlpodium-2023\/#primaryimage"},"image":{"@id":"https:\/\/aargauermuslime.ch\/de\/veranstaltung\/vam-wahlpodium-2023\/#primaryimage"},"thumbnailUrl":"https:\/\/aargauermuslime.ch\/de\/wp-content\/uploads\/2023\/05\/Logo_Eidgenoessische_Wahlen_2023.jpg","datePublished":"2023-05-13T09:06:52+00:00","dateModified":"2023-08-21T18:01:29+00:00","breadcrumb":{"@id":"https:\/\/aargauermuslime.ch\/de\/veranstaltung\/vam-wahlpodium-2023\/#breadcrumb"},"inLanguage":"de","potentialAction":[{"@type":"ReadAction","target":["https:\/\/aargauermuslime.ch\/de\/veranstaltung\/vam-wahlpodium-2023\/"]}]},{"@type":"ImageObject","inLanguage":"de","@id":"https:\/\/aargauermuslime.ch\/de\/veranstaltung\/vam-wahlpodium-2023\/#primaryimage","url":"https:\/\/aargauermuslime.ch\/de\/wp-content\/uploads\/2023\/05\/Logo_Eidgenoessische_Wahlen_2023.jpg","contentUrl":"https:\/\/aargauermuslime.ch\/de\/wp-content\/uploads\/2023\/05\/Logo_Eidgenoessische_Wahlen_2023.jpg","width":1443,"height":947},{"@type":"BreadcrumbList","@id":"https:\/\/aargauermuslime.ch\/de\/veranstaltung\/vam-wahlpodium-2023\/#breadcrumb","itemListElement":[{"@type":"ListItem","position":1,"name":"Startseite","item":"https:\/\/aargauermuslime.ch\/de\/"},{"@type":"ListItem","position":2,"name":"Veranstaltungen","item":"https:\/\/aargauermuslime.ch\/de\/veranstaltungen\/"},{"@type":"ListItem","position":3,"name":"VAM-Wahlpodium 2023"}]},{"@type":"WebSite","@id":"https:\/\/aargauermuslime.ch\/de\/#website","url":"https:\/\/aargauermuslime.ch\/de\/","name":"Verband Aargauer Muslime (VAM)","description":"Dachverband der muslimischen Institutionen im Aargau","publisher":{"@id":"https:\/\/aargauermuslime.ch\/de\/#organization"},"potentialAction":[{"@type":"SearchAction","target":{"@type":"EntryPoint","urlTemplate":"https:\/\/aargauermuslime.ch\/de\/?s={search_term_string}"},"query-input":{"@type":"PropertyValueSpecification","valueRequired":true,"valueName":"search_term_string"}}],"inLanguage":"de"},{"@type":"Organization","@id":"https:\/\/aargauermuslime.ch\/de\/#organization","name":"Verband Aargauer Muslime","alternateName":"VAM","url":"https:\/\/aargauermuslime.ch\/de\/","logo":{"@type":"ImageObject","inLanguage":"de","@id":"https:\/\/aargauermuslime.ch\/de\/#\/schema\/logo\/image\/","url":"https:\/\/aargauermuslime.ch\/de\/wp-content\/uploads\/2019\/07\/VAM-Logo_web.jpg","contentUrl":"https:\/\/aargauermuslime.ch\/de\/wp-content\/uploads\/2019\/07\/VAM-Logo_web.jpg","width":800,"height":181,"caption":"Verband Aargauer Muslime"},"image":{"@id":"https:\/\/aargauermuslime.ch\/de\/#\/schema\/logo\/image\/"},"sameAs":["https:\/\/www.facebook.com\/groups\/aargauermuslime"]}]}},"_links":{"self":[{"href":"https:\/\/aargauermuslime.ch\/de\/wp-json\/wp\/v2\/tribe_events\/3932","targetHints":{"allow":["GET"]}}],"collection":[{"href":"https:\/\/aargauermuslime.ch\/de\/wp-json\/wp\/v2\/tribe_events"}],"about":[{"href":"https:\/\/aargauermuslime.ch\/de\/wp-json\/wp\/v2\/types\/tribe_events"}],"author":[{"embeddable":true,"href":"https:\/\/aargauermuslime.ch\/de\/wp-json\/wp\/v2\/users\/4"}],"version-history":[{"count":5,"href":"https:\/\/aargauermuslime.ch\/de\/wp-json\/wp\/v2\/tribe_events\/3932\/revisions"}],"predecessor-version":[{"id":3966,"href":"https:\/\/aargauermuslime.ch\/de\/wp-json\/wp\/v2\/tribe_events\/3932\/revisions\/3966"}],"wp:featuredmedia":[{"embeddable":true,"href":"https:\/\/aargauermuslime.ch\/de\/wp-json\/wp\/v2\/media\/3938"}],"wp:attachment":[{"href":"https:\/\/aargauermuslime.ch\/de\/wp-json\/wp\/v2\/media?parent=3932"}],"wp:term":[{"taxonomy":"post_tag","embeddable":true,"href":"https:\/\/aargauermuslime.ch\/de\/wp-json\/wp\/v2\/tags?post=3932"},{"taxonomy":"tribe_events_cat","embeddable":true,"href":"https:\/\/aargauermuslime.ch\/de\/wp-json\/wp\/v2\/tribe_events_cat?post=3932"}],"curies":[{"name":"wp","href":"https:\/\/api.w.org\/{rel}","templated":true}]}}

<p>Am 22. Oktober 2023 <a href="https://www.ch.ch/de/wahlen2023/" target="_blank" rel="noopener">wählen die Schweizer Stimmbürgerinnen und Stimmbürger ihr neues Parlament</a>. Dabei geht es um die 200 Volksvertreterinnen und -vertreter im Nationalrat und die 46 Mitglieder des Ständerats.</p>
<p>Wie bereits im Jahre 2019 möchten wir allen im Aargau lebenden Musliminnen und Muslimen die Gelegenheit geben, Kandidatinnen und Kandidaten persönlich kennenzulernen und ihnen auf den Zahn zu fühlen. Dazu haben wir alle grossen Parteien im Kanton angeschrieben und sie eingeladen, an einem Podium teilzunehmen. Einige haben zugesagt und werden uns in der bosnischen Moschee in Oberentfelden besuchen.</p>
<p>Wir freuen uns auf eine zahlreiche Teilnahme. Alle weiteren Details können dem <a href="https://aargauermuslime.ch/de/wp-content/uploads/2023/08/Flyer_VAM-Wahlpodium_2023-v02.pdf" target="_blank" rel="noopener">Flyer</a> entnommen werden.</p>

<p>Am 22. Oktober 2023 wählen die Schweizer Stimmbürgerinnen und Stimmbürger ihr neues Parlament. Dabei geht es um die 200 Volksvertreterinnen und -vertreter im Nationalrat und die 46 Mitglieder des Ständerats. [&hellip;]</p>

<!-- This site is optimized with the Yoast SEO plugin v27.4 - https://yoast.com/product/yoast-seo-wordpress/ -->
<title>VAM-Wahlpodium 2023 - Verband Aargauer Muslime (VAM)</title>
<meta name="robots" content="index, follow, max-snippet:-1, max-image-preview:large, max-video-preview:-1" />
<link rel="canonical" href="https://aargauermuslime.ch/de/veranstaltung/vam-wahlpodium-2023/" />
<meta property="og:locale" content="de_DE" />
<meta property="og:type" content="article" />
<meta property="og:title" content="VAM-Wahlpodium 2023 - Verband Aargauer Muslime (VAM)" />
<meta property="og:description" content="Am 22. Oktober 2023 wählen die Schweizer Stimmbürgerinnen und Stimmbürger ihr neues Parlament. Dabei geht es um die 200 Volksvertreterinnen und -vertreter im Nationalrat und die 46 Mitglieder des Ständerats. [&hellip;]" />
<meta property="og:url" content="https://aargauermuslime.ch/de/veranstaltung/vam-wahlpodium-2023/" />
<meta property="og:site_name" content="Verband Aargauer Muslime (VAM)" />
<meta property="article:publisher" content="https://www.facebook.com/groups/aargauermuslime" />
<meta property="article:modified_time" content="2023-08-21T18:01:29+00:00" />
<meta property="og:image" content="https://aargauermuslime.ch/de/wp-content/uploads/2023/05/Logo_Eidgenoessische_Wahlen_2023.jpg" />
	<meta property="og:image:width" content="1443" />
	<meta property="og:image:height" content="947" />
	<meta property="og:image:type" content="image/jpeg" />
<meta name="twitter:card" content="summary_large_image" />
<meta name="twitter:label1" content="Geschätzte Lesezeit" />
	<meta name="twitter:data1" content="1 Minute" />
<script type="application/ld+json" class="yoast-schema-graph">{"@context":"https:\/\/schema.org","@graph":[{"@type":"WebPage","@id":"https:\/\/aargauermuslime.ch\/de\/veranstaltung\/vam-wahlpodium-2023\/","url":"https:\/\/aargauermuslime.ch\/de\/veranstaltung\/vam-wahlpodium-2023\/","name":"VAM-Wahlpodium 2023 - Verband Aargauer Muslime (VAM)","isPartOf":{"@id":"https:\/\/aargauermuslime.ch\/de\/#website"},"primaryImageOfPage":{"@id":"https:\/\/aargauermuslime.ch\/de\/veranstaltung\/vam-wahlpodium-2023\/#primaryimage"},"image":{"@id":"https:\/\/aargauermuslime.ch\/de\/veranstaltung\/vam-wahlpodium-2023\/#primaryimage"},"thumbnailUrl":"https:\/\/aargauermuslime.ch\/de\/wp-content\/uploads\/2023\/05\/Logo_Eidgenoessische_Wahlen_2023.jpg","datePublished":"2023-05-13T09:06:52+00:00","dateModified":"2023-08-21T18:01:29+00:00","breadcrumb":{"@id":"https:\/\/aargauermuslime.ch\/de\/veranstaltung\/vam-wahlpodium-2023\/#breadcrumb"},"inLanguage":"de","potentialAction":[{"@type":"ReadAction","target":["https:\/\/aargauermuslime.ch\/de\/veranstaltung\/vam-wahlpodium-2023\/"]}]},{"@type":"ImageObject","inLanguage":"de","@id":"https:\/\/aargauermuslime.ch\/de\/veranstaltung\/vam-wahlpodium-2023\/#primaryimage","url":"https:\/\/aargauermuslime.ch\/de\/wp-content\/uploads\/2023\/05\/Logo_Eidgenoessische_Wahlen_2023.jpg","contentUrl":"https:\/\/aargauermuslime.ch\/de\/wp-content\/uploads\/2023\/05\/Logo_Eidgenoessische_Wahlen_2023.jpg","width":1443,"height":947},{"@type":"BreadcrumbList","@id":"https:\/\/aargauermuslime.ch\/de\/veranstaltung\/vam-wahlpodium-2023\/#breadcrumb","itemListElement":[{"@type":"ListItem","position":1,"name":"Startseite","item":"https:\/\/aargauermuslime.ch\/de\/"},{"@type":"ListItem","position":2,"name":"Veranstaltungen","item":"https:\/\/aargauermuslime.ch\/de\/veranstaltungen\/"},{"@type":"ListItem","position":3,"name":"VAM-Wahlpodium 2023"}]},{"@type":"WebSite","@id":"https:\/\/aargauermuslime.ch\/de\/#website","url":"https:\/\/aargauermuslime.ch\/de\/","name":"Verband Aargauer Muslime (VAM)","description":"Dachverband der muslimischen Institutionen im Aargau","publisher":{"@id":"https:\/\/aargauermuslime.ch\/de\/#organization"},"potentialAction":[{"@type":"SearchAction","target":{"@type":"EntryPoint","urlTemplate":"https:\/\/aargauermuslime.ch\/de\/?s={search_term_string}"},"query-input":{"@type":"PropertyValueSpecification","valueRequired":true,"valueName":"search_term_string"}}],"inLanguage":"de"},{"@type":"Organization","@id":"https:\/\/aargauermuslime.ch\/de\/#organization","name":"Verband Aargauer Muslime","alternateName":"VAM","url":"https:\/\/aargauermuslime.ch\/de\/","logo":{"@type":"ImageObject","inLanguage":"de","@id":"https:\/\/aargauermuslime.ch\/de\/#\/schema\/logo\/image\/","url":"https:\/\/aargauermuslime.ch\/de\/wp-content\/uploads\/2019\/07\/VAM-Logo_web.jpg","contentUrl":"https:\/\/aargauermuslime.ch\/de\/wp-content\/uploads\/2019\/07\/VAM-Logo_web.jpg","width":800,"height":181,"caption":"Verband Aargauer Muslime"},"image":{"@id":"https:\/\/aargauermuslime.ch\/de\/#\/schema\/logo\/image\/"},"sameAs":["https:\/\/www.facebook.com\/groups\/aargauermuslime"]}]}</script>
<!-- / Yoast SEO plugin. -->

Am 22. Oktober 2023 wählen die Schweizer Stimmbürgerinnen und Stimmbürger ihr neues Parlament. Dabei geht es um die 200 Volksvertreterinnen und -vertreter im Nationalrat und die 46 Mitglieder des Ständerats. [&hellip;]
