{"id":4032,"date":"2023-10-26T17:07:21","date_gmt":"2023-10-26T15:07:21","guid":{"rendered":"https:\/\/aargauermuslime.ch\/de\/?post_type=tribe_events&#038;p=4032"},"modified":"2023-11-01T22:09:09","modified_gmt":"2023-11-01T20:09:09","slug":"kein-frieden","status":"publish","type":"tribe_events","link":"https:\/\/aargauermuslime.ch\/de\/veranstaltung\/kein-frieden\/","title":{"rendered":"\u00abKein Frieden\u00bb &#8211; Ein interaktives Podium im Zeichen der Zeit"},"content":{"rendered":"<p>Im Rahmen der <a href=\"https:\/\/www.wdr-sdr.ch\/\" target=\"_blank\" rel=\"noopener\">Woche der Religionen<\/a>, wird in Baden ein Podiumsgespr\u00e4ch mit Teilnehmenden aus verschiedenen Religionen zum Thema \u00abKein Frieden\u00bb veranstaltet, das die Friedfertigkeit der bestehenden Religionen aufzeigen und die Zuh\u00f6renden befl\u00fcgeln soll, pers\u00f6nlich in ihrem Umkreis zum Frieden der Welt zu beizutragen.<\/p>\n<p><strong>Weitere Infos<\/strong>: Siehe <a href=\"https:\/\/www.airak.ch\/wp\/wp-content\/uploads\/2023\/10\/airak_Aargauer-Landeskirchen_Kein-Frieden_Woche-der-Religionen-2023_Baden_6-November-2023.pdf\" target=\"_blank\" rel=\"noopener\">Flyer<\/a>.<\/p>\n","protected":false},"excerpt":{"rendered":"<p>Im Rahmen der Woche der Religionen, wird in Baden ein Podiumsgespr\u00e4ch mit Teilnehmenden aus verschiedenen Religionen zum Thema \u00abKein Frieden\u00bb veranstaltet, das die Friedfertigkeit der bestehenden Religionen aufzeigen und die [&hellip;]<\/p>\n","protected":false},"author":4,"featured_media":4058,"template":"","meta":{"_et_pb_use_builder":"","_et_pb_old_content":"","_et_gb_content_width":"","ngg_post_thumbnail":0,"_tribe_events_status":"","_tribe_events_status_reason":"","footnotes":""},"tags":[],"tribe_events_cat":[],"class_list":["post-4032","tribe_events","type-tribe_events","status-publish","has-post-thumbnail","hentry"],"yoast_head":"<!-- This site is optimized with the Yoast SEO plugin v27.4 - https:\/\/yoast.com\/product\/yoast-seo-wordpress\/ -->\n<title>\u00abKein Frieden\u00bb - Ein interaktives Podium im Zeichen der Zeit - Verband Aargauer Muslime (VAM)<\/title>\n<meta name=\"robots\" content=\"index, follow, max-snippet:-1, max-image-preview:large, max-video-preview:-1\" \/>\n<link rel=\"canonical\" href=\"https:\/\/aargauermuslime.ch\/de\/veranstaltung\/kein-frieden\/\" \/>\n<meta property=\"og:locale\" content=\"de_DE\" \/>\n<meta property=\"og:type\" content=\"article\" \/>\n<meta property=\"og:title\" content=\"\u00abKein Frieden\u00bb - Ein interaktives Podium im Zeichen der Zeit - Verband Aargauer Muslime (VAM)\" \/>\n<meta property=\"og:description\" content=\"Im Rahmen der Woche der Religionen, wird in Baden ein Podiumsgespr\u00e4ch mit Teilnehmenden aus verschiedenen Religionen zum Thema \u00abKein Frieden\u00bb veranstaltet, das die Friedfertigkeit der bestehenden Religionen aufzeigen und die [&hellip;]\" \/>\n<meta property=\"og:url\" content=\"https:\/\/aargauermuslime.ch\/de\/veranstaltung\/kein-frieden\/\" \/>\n<meta property=\"og:site_name\" content=\"Verband Aargauer Muslime (VAM)\" \/>\n<meta property=\"article:publisher\" content=\"https:\/\/www.facebook.com\/groups\/aargauermuslime\" \/>\n<meta property=\"article:modified_time\" content=\"2023-11-01T20:09:09+00:00\" \/>\n<meta property=\"og:image\" content=\"https:\/\/aargauermuslime.ch\/de\/wp-content\/uploads\/2023\/11\/WdR_2023_Kein_Frieden_Beitragsbild.jpg\" \/>\n\t<meta property=\"og:image:width\" content=\"1162\" \/>\n\t<meta property=\"og:image:height\" content=\"957\" \/>\n\t<meta property=\"og:image:type\" content=\"image\/jpeg\" \/>\n<meta name=\"twitter:card\" content=\"summary_large_image\" \/>\n<meta name=\"twitter:label1\" content=\"Gesch\u00e4tzte Lesezeit\" \/>\n\t<meta name=\"twitter:data1\" content=\"1\u00a0Minute\" \/>\n<script type=\"application\/ld+json\" class=\"yoast-schema-graph\">{\"@context\":\"https:\\\/\\\/schema.org\",\"@graph\":[{\"@type\":\"WebPage\",\"@id\":\"https:\\\/\\\/aargauermuslime.ch\\\/de\\\/veranstaltung\\\/kein-frieden\\\/\",\"url\":\"https:\\\/\\\/aargauermuslime.ch\\\/de\\\/veranstaltung\\\/kein-frieden\\\/\",\"name\":\"\u00abKein Frieden\u00bb - Ein interaktives Podium im Zeichen der Zeit - Verband Aargauer Muslime (VAM)\",\"isPartOf\":{\"@id\":\"https:\\\/\\\/aargauermuslime.ch\\\/de\\\/#website\"},\"primaryImageOfPage\":{\"@id\":\"https:\\\/\\\/aargauermuslime.ch\\\/de\\\/veranstaltung\\\/kein-frieden\\\/#primaryimage\"},\"image\":{\"@id\":\"https:\\\/\\\/aargauermuslime.ch\\\/de\\\/veranstaltung\\\/kein-frieden\\\/#primaryimage\"},\"thumbnailUrl\":\"https:\\\/\\\/aargauermuslime.ch\\\/de\\\/wp-content\\\/uploads\\\/2023\\\/11\\\/WdR_2023_Kein_Frieden_Beitragsbild.jpg\",\"datePublished\":\"2023-10-26T15:07:21+00:00\",\"dateModified\":\"2023-11-01T20:09:09+00:00\",\"breadcrumb\":{\"@id\":\"https:\\\/\\\/aargauermuslime.ch\\\/de\\\/veranstaltung\\\/kein-frieden\\\/#breadcrumb\"},\"inLanguage\":\"de\",\"potentialAction\":[{\"@type\":\"ReadAction\",\"target\":[\"https:\\\/\\\/aargauermuslime.ch\\\/de\\\/veranstaltung\\\/kein-frieden\\\/\"]}]},{\"@type\":\"ImageObject\",\"inLanguage\":\"de\",\"@id\":\"https:\\\/\\\/aargauermuslime.ch\\\/de\\\/veranstaltung\\\/kein-frieden\\\/#primaryimage\",\"url\":\"https:\\\/\\\/aargauermuslime.ch\\\/de\\\/wp-content\\\/uploads\\\/2023\\\/11\\\/WdR_2023_Kein_Frieden_Beitragsbild.jpg\",\"contentUrl\":\"https:\\\/\\\/aargauermuslime.ch\\\/de\\\/wp-content\\\/uploads\\\/2023\\\/11\\\/WdR_2023_Kein_Frieden_Beitragsbild.jpg\",\"width\":1162,\"height\":957},{\"@type\":\"BreadcrumbList\",\"@id\":\"https:\\\/\\\/aargauermuslime.ch\\\/de\\\/veranstaltung\\\/kein-frieden\\\/#breadcrumb\",\"itemListElement\":[{\"@type\":\"ListItem\",\"position\":1,\"name\":\"Startseite\",\"item\":\"https:\\\/\\\/aargauermuslime.ch\\\/de\\\/\"},{\"@type\":\"ListItem\",\"position\":2,\"name\":\"Veranstaltungen\",\"item\":\"https:\\\/\\\/aargauermuslime.ch\\\/de\\\/veranstaltungen\\\/\"},{\"@type\":\"ListItem\",\"position\":3,\"name\":\"\u00abKein Frieden\u00bb &#8211; Ein interaktives Podium im Zeichen der Zeit\"}]},{\"@type\":\"WebSite\",\"@id\":\"https:\\\/\\\/aargauermuslime.ch\\\/de\\\/#website\",\"url\":\"https:\\\/\\\/aargauermuslime.ch\\\/de\\\/\",\"name\":\"Verband Aargauer Muslime (VAM)\",\"description\":\"Dachverband der muslimischen Institutionen im Aargau\",\"publisher\":{\"@id\":\"https:\\\/\\\/aargauermuslime.ch\\\/de\\\/#organization\"},\"potentialAction\":[{\"@type\":\"SearchAction\",\"target\":{\"@type\":\"EntryPoint\",\"urlTemplate\":\"https:\\\/\\\/aargauermuslime.ch\\\/de\\\/?s={search_term_string}\"},\"query-input\":{\"@type\":\"PropertyValueSpecification\",\"valueRequired\":true,\"valueName\":\"search_term_string\"}}],\"inLanguage\":\"de\"},{\"@type\":\"Organization\",\"@id\":\"https:\\\/\\\/aargauermuslime.ch\\\/de\\\/#organization\",\"name\":\"Verband Aargauer Muslime\",\"alternateName\":\"VAM\",\"url\":\"https:\\\/\\\/aargauermuslime.ch\\\/de\\\/\",\"logo\":{\"@type\":\"ImageObject\",\"inLanguage\":\"de\",\"@id\":\"https:\\\/\\\/aargauermuslime.ch\\\/de\\\/#\\\/schema\\\/logo\\\/image\\\/\",\"url\":\"https:\\\/\\\/aargauermuslime.ch\\\/de\\\/wp-content\\\/uploads\\\/2019\\\/07\\\/VAM-Logo_web.jpg\",\"contentUrl\":\"https:\\\/\\\/aargauermuslime.ch\\\/de\\\/wp-content\\\/uploads\\\/2019\\\/07\\\/VAM-Logo_web.jpg\",\"width\":800,\"height\":181,\"caption\":\"Verband Aargauer Muslime\"},\"image\":{\"@id\":\"https:\\\/\\\/aargauermuslime.ch\\\/de\\\/#\\\/schema\\\/logo\\\/image\\\/\"},\"sameAs\":[\"https:\\\/\\\/www.facebook.com\\\/groups\\\/aargauermuslime\"]}]}<\/script>\n<!-- \/ Yoast SEO plugin. -->","yoast_head_json":{"title":"\u00abKein Frieden\u00bb - Ein interaktives Podium im Zeichen der Zeit - Verband Aargauer Muslime (VAM)","robots":{"index":"index","follow":"follow","max-snippet":"max-snippet:-1","max-image-preview":"max-image-preview:large","max-video-preview":"max-video-preview:-1"},"canonical":"https:\/\/aargauermuslime.ch\/de\/veranstaltung\/kein-frieden\/","og_locale":"de_DE","og_type":"article","og_title":"\u00abKein Frieden\u00bb - Ein interaktives Podium im Zeichen der Zeit - Verband Aargauer Muslime (VAM)","og_description":"Im Rahmen der Woche der Religionen, wird in Baden ein Podiumsgespr\u00e4ch mit Teilnehmenden aus verschiedenen Religionen zum Thema \u00abKein Frieden\u00bb veranstaltet, das die Friedfertigkeit der bestehenden Religionen aufzeigen und die [&hellip;]","og_url":"https:\/\/aargauermuslime.ch\/de\/veranstaltung\/kein-frieden\/","og_site_name":"Verband Aargauer Muslime (VAM)","article_publisher":"https:\/\/www.facebook.com\/groups\/aargauermuslime","article_modified_time":"2023-11-01T20:09:09+00:00","og_image":[{"width":1162,"height":957,"url":"https:\/\/aargauermuslime.ch\/de\/wp-content\/uploads\/2023\/11\/WdR_2023_Kein_Frieden_Beitragsbild.jpg","type":"image\/jpeg"}],"twitter_card":"summary_large_image","twitter_misc":{"Gesch\u00e4tzte Lesezeit":"1\u00a0Minute"},"schema":{"@context":"https:\/\/schema.org","@graph":[{"@type":"WebPage","@id":"https:\/\/aargauermuslime.ch\/de\/veranstaltung\/kein-frieden\/","url":"https:\/\/aargauermuslime.ch\/de\/veranstaltung\/kein-frieden\/","name":"\u00abKein Frieden\u00bb - Ein interaktives Podium im Zeichen der Zeit - Verband Aargauer Muslime (VAM)","isPartOf":{"@id":"https:\/\/aargauermuslime.ch\/de\/#website"},"primaryImageOfPage":{"@id":"https:\/\/aargauermuslime.ch\/de\/veranstaltung\/kein-frieden\/#primaryimage"},"image":{"@id":"https:\/\/aargauermuslime.ch\/de\/veranstaltung\/kein-frieden\/#primaryimage"},"thumbnailUrl":"https:\/\/aargauermuslime.ch\/de\/wp-content\/uploads\/2023\/11\/WdR_2023_Kein_Frieden_Beitragsbild.jpg","datePublished":"2023-10-26T15:07:21+00:00","dateModified":"2023-11-01T20:09:09+00:00","breadcrumb":{"@id":"https:\/\/aargauermuslime.ch\/de\/veranstaltung\/kein-frieden\/#breadcrumb"},"inLanguage":"de","potentialAction":[{"@type":"ReadAction","target":["https:\/\/aargauermuslime.ch\/de\/veranstaltung\/kein-frieden\/"]}]},{"@type":"ImageObject","inLanguage":"de","@id":"https:\/\/aargauermuslime.ch\/de\/veranstaltung\/kein-frieden\/#primaryimage","url":"https:\/\/aargauermuslime.ch\/de\/wp-content\/uploads\/2023\/11\/WdR_2023_Kein_Frieden_Beitragsbild.jpg","contentUrl":"https:\/\/aargauermuslime.ch\/de\/wp-content\/uploads\/2023\/11\/WdR_2023_Kein_Frieden_Beitragsbild.jpg","width":1162,"height":957},{"@type":"BreadcrumbList","@id":"https:\/\/aargauermuslime.ch\/de\/veranstaltung\/kein-frieden\/#breadcrumb","itemListElement":[{"@type":"ListItem","position":1,"name":"Startseite","item":"https:\/\/aargauermuslime.ch\/de\/"},{"@type":"ListItem","position":2,"name":"Veranstaltungen","item":"https:\/\/aargauermuslime.ch\/de\/veranstaltungen\/"},{"@type":"ListItem","position":3,"name":"\u00abKein Frieden\u00bb &#8211; Ein interaktives Podium im Zeichen der Zeit"}]},{"@type":"WebSite","@id":"https:\/\/aargauermuslime.ch\/de\/#website","url":"https:\/\/aargauermuslime.ch\/de\/","name":"Verband Aargauer Muslime (VAM)","description":"Dachverband der muslimischen Institutionen im Aargau","publisher":{"@id":"https:\/\/aargauermuslime.ch\/de\/#organization"},"potentialAction":[{"@type":"SearchAction","target":{"@type":"EntryPoint","urlTemplate":"https:\/\/aargauermuslime.ch\/de\/?s={search_term_string}"},"query-input":{"@type":"PropertyValueSpecification","valueRequired":true,"valueName":"search_term_string"}}],"inLanguage":"de"},{"@type":"Organization","@id":"https:\/\/aargauermuslime.ch\/de\/#organization","name":"Verband Aargauer Muslime","alternateName":"VAM","url":"https:\/\/aargauermuslime.ch\/de\/","logo":{"@type":"ImageObject","inLanguage":"de","@id":"https:\/\/aargauermuslime.ch\/de\/#\/schema\/logo\/image\/","url":"https:\/\/aargauermuslime.ch\/de\/wp-content\/uploads\/2019\/07\/VAM-Logo_web.jpg","contentUrl":"https:\/\/aargauermuslime.ch\/de\/wp-content\/uploads\/2019\/07\/VAM-Logo_web.jpg","width":800,"height":181,"caption":"Verband Aargauer Muslime"},"image":{"@id":"https:\/\/aargauermuslime.ch\/de\/#\/schema\/logo\/image\/"},"sameAs":["https:\/\/www.facebook.com\/groups\/aargauermuslime"]}]}},"_links":{"self":[{"href":"https:\/\/aargauermuslime.ch\/de\/wp-json\/wp\/v2\/tribe_events\/4032","targetHints":{"allow":["GET"]}}],"collection":[{"href":"https:\/\/aargauermuslime.ch\/de\/wp-json\/wp\/v2\/tribe_events"}],"about":[{"href":"https:\/\/aargauermuslime.ch\/de\/wp-json\/wp\/v2\/types\/tribe_events"}],"author":[{"embeddable":true,"href":"https:\/\/aargauermuslime.ch\/de\/wp-json\/wp\/v2\/users\/4"}],"version-history":[{"count":3,"href":"https:\/\/aargauermuslime.ch\/de\/wp-json\/wp\/v2\/tribe_events\/4032\/revisions"}],"predecessor-version":[{"id":4060,"href":"https:\/\/aargauermuslime.ch\/de\/wp-json\/wp\/v2\/tribe_events\/4032\/revisions\/4060"}],"wp:featuredmedia":[{"embeddable":true,"href":"https:\/\/aargauermuslime.ch\/de\/wp-json\/wp\/v2\/media\/4058"}],"wp:attachment":[{"href":"https:\/\/aargauermuslime.ch\/de\/wp-json\/wp\/v2\/media?parent=4032"}],"wp:term":[{"taxonomy":"post_tag","embeddable":true,"href":"https:\/\/aargauermuslime.ch\/de\/wp-json\/wp\/v2\/tags?post=4032"},{"taxonomy":"tribe_events_cat","embeddable":true,"href":"https:\/\/aargauermuslime.ch\/de\/wp-json\/wp\/v2\/tribe_events_cat?post=4032"}],"curies":[{"name":"wp","href":"https:\/\/api.w.org\/{rel}","templated":true}]}}

<p>Im Rahmen der <a href="https://www.wdr-sdr.ch/" target="_blank" rel="noopener">Woche der Religionen</a>, wird in Baden ein Podiumsgespräch mit Teilnehmenden aus verschiedenen Religionen zum Thema «Kein Frieden» veranstaltet, das die Friedfertigkeit der bestehenden Religionen aufzeigen und die Zuhörenden beflügeln soll, persönlich in ihrem Umkreis zum Frieden der Welt zu beizutragen.</p>
<p><strong>Weitere Infos</strong>: Siehe <a href="https://www.airak.ch/wp/wp-content/uploads/2023/10/airak_Aargauer-Landeskirchen_Kein-Frieden_Woche-der-Religionen-2023_Baden_6-November-2023.pdf" target="_blank" rel="noopener">Flyer</a>.</p>

<p>Im Rahmen der Woche der Religionen, wird in Baden ein Podiumsgespräch mit Teilnehmenden aus verschiedenen Religionen zum Thema «Kein Frieden» veranstaltet, das die Friedfertigkeit der bestehenden Religionen aufzeigen und die [&hellip;]</p>

<!-- This site is optimized with the Yoast SEO plugin v27.4 - https://yoast.com/product/yoast-seo-wordpress/ -->
<title>«Kein Frieden» - Ein interaktives Podium im Zeichen der Zeit - Verband Aargauer Muslime (VAM)</title>
<meta name="robots" content="index, follow, max-snippet:-1, max-image-preview:large, max-video-preview:-1" />
<link rel="canonical" href="https://aargauermuslime.ch/de/veranstaltung/kein-frieden/" />
<meta property="og:locale" content="de_DE" />
<meta property="og:type" content="article" />
<meta property="og:title" content="«Kein Frieden» - Ein interaktives Podium im Zeichen der Zeit - Verband Aargauer Muslime (VAM)" />
<meta property="og:description" content="Im Rahmen der Woche der Religionen, wird in Baden ein Podiumsgespräch mit Teilnehmenden aus verschiedenen Religionen zum Thema «Kein Frieden» veranstaltet, das die Friedfertigkeit der bestehenden Religionen aufzeigen und die [&hellip;]" />
<meta property="og:url" content="https://aargauermuslime.ch/de/veranstaltung/kein-frieden/" />
<meta property="og:site_name" content="Verband Aargauer Muslime (VAM)" />
<meta property="article:publisher" content="https://www.facebook.com/groups/aargauermuslime" />
<meta property="article:modified_time" content="2023-11-01T20:09:09+00:00" />
<meta property="og:image" content="https://aargauermuslime.ch/de/wp-content/uploads/2023/11/WdR_2023_Kein_Frieden_Beitragsbild.jpg" />
	<meta property="og:image:width" content="1162" />
	<meta property="og:image:height" content="957" />
	<meta property="og:image:type" content="image/jpeg" />
<meta name="twitter:card" content="summary_large_image" />
<meta name="twitter:label1" content="Geschätzte Lesezeit" />
	<meta name="twitter:data1" content="1 Minute" />
<script type="application/ld+json" class="yoast-schema-graph">{"@context":"https:\/\/schema.org","@graph":[{"@type":"WebPage","@id":"https:\/\/aargauermuslime.ch\/de\/veranstaltung\/kein-frieden\/","url":"https:\/\/aargauermuslime.ch\/de\/veranstaltung\/kein-frieden\/","name":"«Kein Frieden» - Ein interaktives Podium im Zeichen der Zeit - Verband Aargauer Muslime (VAM)","isPartOf":{"@id":"https:\/\/aargauermuslime.ch\/de\/#website"},"primaryImageOfPage":{"@id":"https:\/\/aargauermuslime.ch\/de\/veranstaltung\/kein-frieden\/#primaryimage"},"image":{"@id":"https:\/\/aargauermuslime.ch\/de\/veranstaltung\/kein-frieden\/#primaryimage"},"thumbnailUrl":"https:\/\/aargauermuslime.ch\/de\/wp-content\/uploads\/2023\/11\/WdR_2023_Kein_Frieden_Beitragsbild.jpg","datePublished":"2023-10-26T15:07:21+00:00","dateModified":"2023-11-01T20:09:09+00:00","breadcrumb":{"@id":"https:\/\/aargauermuslime.ch\/de\/veranstaltung\/kein-frieden\/#breadcrumb"},"inLanguage":"de","potentialAction":[{"@type":"ReadAction","target":["https:\/\/aargauermuslime.ch\/de\/veranstaltung\/kein-frieden\/"]}]},{"@type":"ImageObject","inLanguage":"de","@id":"https:\/\/aargauermuslime.ch\/de\/veranstaltung\/kein-frieden\/#primaryimage","url":"https:\/\/aargauermuslime.ch\/de\/wp-content\/uploads\/2023\/11\/WdR_2023_Kein_Frieden_Beitragsbild.jpg","contentUrl":"https:\/\/aargauermuslime.ch\/de\/wp-content\/uploads\/2023\/11\/WdR_2023_Kein_Frieden_Beitragsbild.jpg","width":1162,"height":957},{"@type":"BreadcrumbList","@id":"https:\/\/aargauermuslime.ch\/de\/veranstaltung\/kein-frieden\/#breadcrumb","itemListElement":[{"@type":"ListItem","position":1,"name":"Startseite","item":"https:\/\/aargauermuslime.ch\/de\/"},{"@type":"ListItem","position":2,"name":"Veranstaltungen","item":"https:\/\/aargauermuslime.ch\/de\/veranstaltungen\/"},{"@type":"ListItem","position":3,"name":"«Kein Frieden» &#8211; Ein interaktives Podium im Zeichen der Zeit"}]},{"@type":"WebSite","@id":"https:\/\/aargauermuslime.ch\/de\/#website","url":"https:\/\/aargauermuslime.ch\/de\/","name":"Verband Aargauer Muslime (VAM)","description":"Dachverband der muslimischen Institutionen im Aargau","publisher":{"@id":"https:\/\/aargauermuslime.ch\/de\/#organization"},"potentialAction":[{"@type":"SearchAction","target":{"@type":"EntryPoint","urlTemplate":"https:\/\/aargauermuslime.ch\/de\/?s={search_term_string}"},"query-input":{"@type":"PropertyValueSpecification","valueRequired":true,"valueName":"search_term_string"}}],"inLanguage":"de"},{"@type":"Organization","@id":"https:\/\/aargauermuslime.ch\/de\/#organization","name":"Verband Aargauer Muslime","alternateName":"VAM","url":"https:\/\/aargauermuslime.ch\/de\/","logo":{"@type":"ImageObject","inLanguage":"de","@id":"https:\/\/aargauermuslime.ch\/de\/#\/schema\/logo\/image\/","url":"https:\/\/aargauermuslime.ch\/de\/wp-content\/uploads\/2019\/07\/VAM-Logo_web.jpg","contentUrl":"https:\/\/aargauermuslime.ch\/de\/wp-content\/uploads\/2019\/07\/VAM-Logo_web.jpg","width":800,"height":181,"caption":"Verband Aargauer Muslime"},"image":{"@id":"https:\/\/aargauermuslime.ch\/de\/#\/schema\/logo\/image\/"},"sameAs":["https:\/\/www.facebook.com\/groups\/aargauermuslime"]}]}</script>
<!-- / Yoast SEO plugin. -->

Im Rahmen der Woche der Religionen, wird in Baden ein Podiumsgespräch mit Teilnehmenden aus verschiedenen Religionen zum Thema «Kein Frieden» veranstaltet, das die Friedfertigkeit der bestehenden Religionen aufzeigen und die [&hellip;]
